-3*g + 339 = -c*n. What is the hundreds digit of g?
1
Suppose -490601 - 515223 = -64*b. What is the units digit of b?
6
Suppose h + 2*l + 415 = 1511, 5*h - 5473 = -3*l. Suppose 11*x - 2206 = h. Suppose -3*r + 27 = -x. What is the hundreds digit of r?
1
What is the thousands digit of ((-165)/20)/11 + (-28031)/(-4)?
7
Let s(o) = 5771*o + 170. What is the units digit of s(2)?
2
Suppose -15444 = 14*i + 22524. Let o = -1171 - i. What is the tens digit of o?
4
Let c(t) = 2*t**2 - 2*t + 2. Let p be c(2). Let f be (-33)/99 + ((-6)/3 - 21/(-9)). Suppose p*q + q - 1771 = f. What is the hundreds digit of q?
2
Suppose 3*h = -2*h + 390. Suppose 7*z = 5*z - 3*o + 52, -3*z - 5*o + h = 0. Suppose 4*r = -5*b + 608, -4*b - 4*r - z + 510 = 0. What is the tens digit of b?
2
Suppose -8 = 2*a - 12. What is the tens digit of 26520/323 - a/19?
8
Suppose 45*o - 118*o + 4100702 = 0. What is the thousands digit of o?
6
Suppose -7*o + 30 = -5*o. Suppose n - q = 0, 2*n + 2*n + q - o = 0. Suppose 0 = -8*c + n*c + 10. What is the units digit of c?
2
Let f = 2314 - -3906. What is the thousands digit of f?
6
What is the tens digit of (1938/(-133))/(2*(-1)/434)?
6
Suppose -55*r - 136755 = -134*r + 136585. What is the hundreds digit of r?
4
Suppose -25132 + 88888 = 18*t. What is the thousands digit of t?
3
Let a be ((-14)/42)/((-7)/903). Let r = 1755 - a. What is the tens digit of r?
1
Let b(f) = -9*f**2 - 9*f - 114. Let m(p) = -3*p**2 - 3*p - 38. Let n(a) = -3*b(a) + 8*m(a). What is the hundreds digit of n(-11)?
3
Suppose 2*w = -5*i + 2*i + 1816, 2408 = 4*i - 4*w. Suppose -116 = 2*h - i. What is the tens digit of h?
4
Let y(z) = 446*z**2 - 11*z + 18. Let m be y(2). Suppose 0 = -24*n + 29*n - m. What is the units digit of n?
6
Suppose 0 = -325*z + 308*z + 219963. What is the tens digit of z?
3
Suppose 10219 = 9*h - 12556 + 5342. What is the thousands digit of h?
1
Suppose 4*q = -31 + 111. Suppose -2*c = -2*x - 6, 3*c + q = -4*x - 6. Let r(d) = -23*d - 3. What is the tens digit of r(x)?
1
Let v(c) = -2*c + 445. Let a be v(39). Let i(j) = 3*j**3 - 2*j**2 + 3*j - 4. Let h be i(-4). Let b = a + h. What is the hundreds digit of b?
1
Suppose 141*x - 7092096 = 3*x. What is the units digit of x?
2
Let p(a) = -a**2 + a - 5. Let b(g) = -2*g**2 + 3*g - 18. Let h(n) = b(n) - 3*p(n). Let q = 0 - -9. What is the units digit of h(q)?
8
Suppose -4*a = c - 5983, 2*c + 11*a - 8*a - 11986 = 0. What is the hundreds digit of c?
9
Let l(f) = 6*f**3 + 5*f**2 - 22*f - 7. Let d be l(5). Suppose 6*i = 586 + d. What is the tens digit of i?
2
Let o(x) be the first derivative of -1 - 3*x + 3*x**2 + 4/3*x**3. What is the hundreds digit of o(6)?
1
Let g be -160*(2 + (-4)/8). Let l = g + 143. Let i = l + 138. What is the units digit of i?
1
Suppose 8659 = c - 3*o, -8455 = -2*c - 3*o + 8800. What is the tens digit of c?
3
Let i = -305 - -1987. What is the tens digit of (-116)/i + (-68676)/(-58)?
8
Let n be (2 + -5 - 2) + 101. Suppose 0 = -5*u, l + 3*l + 4*u - n = 0. What is the units digit of 1/(-4) - ((-4326)/l + -4)?
4
Let y = 9624 - 6170. What is the units digit of y?
4
Let c(t) = 4*t - 28. Let z be c(12). Suppose -35 = 15*v - z*v. Let k = v + 187. What is the tens digit of k?
9
Let g = -4899 + 11566. What is the thousands digit of g?
6
Let b(q) = -2*q - 1. Let h be 21/(-35) - (-47)/(-5). Let r be b(h). Suppose -2*x = r - 337. What is the hundreds digit of x?
1
Suppose -7 - 15 = -11*d. Suppose -2*a + 850 = d*h - 0*h, h = 4*a + 440. What is the tens digit of h?
2
What is the units digit of 5703 + -15 + 14 + -7?
5
Let i(s) = 2*s**3 - 2*s**2 + 3*s + 11286. What is the tens digit of i(0)?
8
Let j(k) = -158*k + 249. What is the thousands digit of j(-18)?
3
Let w be (3130/(-4))/((-6)/(-4) + -1). Let c = 2209 + w. What is the hundreds digit of c?
6
Let g(n) = 2191*n - 727. What is the ten thousands digit of g(41)?
8
Let h be 4/((-28)/(-32517)) - 40/140. Suppose -5*j - h = -5*m, -3*m - 4*j = -1195 - 1613. What is the hundreds digit of m?
9
Let q(r) = 1587*r - 2441. What is the tens digit of q(7)?
6
Let w(a) = 13*a**2 - 5*a + 4. Let p be w(1). Let k be (-6)/p + 3 - (-2)/4. What is the units digit of (-12)/k + 142 + (-9)/(-3)?
1
Let b(q) = -88*q**2 + 4*q - 6. Let n be b(1). What is the tens digit of 36/(-48)*(n + 2)?
6
Let t(u) = 3*u + 3 + 6*u - 4 + 140*u**2 - 12*u. What is the tens digit of t(-1)?
4
Suppose -y + 48880 = 3*q, q - 37400 + 232894 = 4*y. What is the hundreds digit of y?
8
Let x = -53 + 50. Let y be (10/15)/((-100)/(-36) + x). Let j(q) = -76*q - 5. What is the units digit of j(y)?
3
Let d be (-4)/((-48)/51) + (-17)/68. Suppose -d*i = 18*i - 462. What is the tens digit of i?
2
Let m = -198 - -454. Let p = -73 + m. What is the units digit of p?
3
Suppose -4*t = -11 - 5. Suppose -2*w = -t*w - 96. What is the units digit of (-9 - w)*4/3?
2
Let s be (5 + -4)/(-2*(-3)/(-726)). Let q = 69 + s. What is the units digit of 56/10 - (q/(-20) - 3)?
6
Let l be (-17)/(-68) + ((-11067)/12 - -1). Let n = -650 - l. What is the hundreds digit of n?
2
Suppose 0 = g - q - 80370, 18*g = 23*g - 4*q - 401844. What is the thousands digit of g?
0
Suppose 175*q = 192*q + 340. Let f(x) = -3*x**2 - 6*x - 3. Let i be f(-5). Let p = q - i. What is the tens digit of p?
2
Suppose 163 = 3*m - z, -4*m + 0*m - z + 229 = 0. Suppose -4*k + 2 = -3*k, -5*w = 3*k - m. Suppose 386 + 1164 = w*i. What is the tens digit of i?
5
Let b(d) be the second derivative of d**4/2 - 29*d**3/6 - 9*d**2 + 5*d. What is the tens digit of b(11)?
8
Let x = -181 + 190. Suppose -3*j - 2442 = -x*j. What is the tens digit of j?
0
Let g(u) = u**3 + 12*u**2 + 85*u + 339. Let r be g(-5). Suppose 7*m - 4*m = 6. Suppose -m*y = -31 - r. What is the tens digit of y?
6
What is the thousands digit of ((-2)/6)/(412/(-1525224))?
1
Suppose 1422 + 528 = 15*n. What is the units digit of (-195)/n - (-894)/4?
2
Let c(b) = -4*b**2 + b + 9715. What is the units digit of c(0)?
5
Suppose -o + 7852 = 16*q - 14*q, -4*o = -5*q - 31434. What is the hundreds digit of o?
8
Suppose 137*p - 3898010 = -77*p. What is the hundreds digit of p?
2
Let r = 1917 + 3008. What is the thousands digit of r?
4
Let h = -11210 + 15473. What is the thousands digit of h?
4
Let q(l) = 72*l**2 + 174*l - 2640. What is the thousands digit of q(14)?
3
Let r(z) = -z**3 + 15*z**2 - 12*z - 13. Let n(y) = -12*y + 2. Let g be n(-1). Let h be r(g). What is the tens digit of ((-45)/h)/(3/(-83))?
8
Let h(i) = 5*i**2 - 45*i + 106. Suppose 14*g - 164 = 60. What is the tens digit of h(g)?
6
Let a = -2936 + 4218. Suppose 6*q = -1084 + a. What is the tens digit of q?
3
Let z be ((-12)/(-8) - 1)*12. Let f(n) = -22*n**2 + 169*n - 7. What is the units digit of f(z)?
5
Let f(u) = 628*u**2 - 32*u + 376. What is the units digit of f(9)?
6
Let r(i) = -i**3 + 2 - 5*i**2 + 9*i - 7*i**2 + 0. What is the units digit of r(-14)?
8
Suppose 0 = 5*m - r - 506, -15 + 522 = 5*m - 2*r. Suppose 5*z - 96*b - 9210 = -m*b, -1827 = -z + 4*b. What is the thousands digit of z?
1
Let k(c) = 39 + c - 2*c + 27 + 31 - 6*c. What is the units digit of k(8)?
1
Suppose -1739 = -9*y + 925. Let x = y - 1071. What is the hundreds digit of -4 + x/(-5) + 0/(-1)?
1
Suppose -86*t - 5*f = -85*t - 1117, -5*t - f + 5705 = 0. What is the units digit of t?
2
Let k = 83 + -147. Let a = 84 + k. Suppose -411 - 121 = -4*s - 4*b, 0 = -5*b + a. What is the hundreds digit of s?
1
What is the tens digit of ((-371)/3 + -7)/((-3)/126)?
8
Let o = 26 - 22. Let a be o/6*(-2 + -1) + 58. Suppose 0 = -k - 4*q - 3 + a, 12 = 3*q. What is the units digit of k?
7
Let s(a) = a**3 + 10*a**2 + 4*a - 48. Let f be s(-9). Let j be 2/f*(-18)/6. Suppose j*i + 4*z - 7*z - 286 = 0, 2*z + 142 = i. What is the units digit of i?
6
Let q be (0 - -1 - -4)*116*4. Suppose 3*u = -5*w + 966 + 389, q = 5*u - 4*w. What is the tens digit of u?
6
Let d = 3808 - -12189. What is the ten thousands digit of d?
1
Let v(y) = -15*y + 47. Let b be v(3). Let n be (-195)/(-12) - 2/8. What is the units digit of 0 + b + 2 + n?
0
Suppose 12*c - 36 = 48. Suppose -2*i = -c - 71. What is the units digit of i?
9
Suppose -3*u + 275 = 56. Let j = -97 + u. What is the tens digit of (-1500)/j*(-4)/(-5)?
5
Let d(o) = 2*o + 2. Let a(q) = 4*q + 5. Let c(w) = -3*a(w) + 7*d(w). Let j be c(6). Suppose j*b - 7*b = 200. What is the tens dig